nder when 3226207 is divided by 579?
19
What is the remainder when 5164170 is divided by 1721299?
273
Calculate the remainder when 82140 is divided by 8181.
330
What is the remainder when 42297319 is divided by 520?
519
What is the remainder when 22976925 is divided by 1989?
1986
Calculate the remainder when 2359706 is divided by 2826.
2822
Calculate the remainder when 37000 is divided by 511.
208
What is the remainder when 9040020 is divided by 82?
12
Calculate the remainder when 244840 is divided by 60966.
976
What is the remainder when 342974 is divided by 38107?
11
Calculate the remainder when 7150123 is divided by 2342.
2339
Calculate the remainder when 22550 is divided by 11138.
274
What is the remainder when 35576 is divided by 1047?
1025
What is the remainder when 278056 is divided by 2990?
2976
Calculate the remainder when 840694 is divided by 2721.
2626
Calculate the remainder when 315676911 is divided by 26.
17
Calculate the remainder when 30276008 is divided by 2162572.
0
What is the remainder when 1335848 is divided by 11?
8
What is the remainder when 21974190 is divided by 144567?
6
What is the remainder when 133742 is divided by 10425?
8642
Calculate the remainder when 230629 is divided by 9575.
829
Calculate the remainder when 418519 is divided by 208698.
1123
What is the remainder when 1243471 is divided by 44?
31
Calculate the remainder when 7992616 is divided by 426.
4
What is the remainder when 50068175 is divided by 48?
47
Calculate the remainder when 5095 is divided by 588.
391
Calculate the remainder when 10866169 is divided by 724411.
4
What is the remainder when 5894573 is divided by 16?
13
Calculate the remainder when 10448559 is divided by 1439.
1419
What is the remainder when 593108 is divided by 2461?
7
What is the remainder when 12593666 is divided by 370?
346
Calculate the remainder when 127501040 is divided by 815.
810
What is the remainder when 18121912 is divided by 28?
4
Calculate the remainder when 34576 is divided by 6854.
306
What is the remainder when 16892 is divided by 3014?
1822
What is the remainder when 4579489 is divided by 867?
862
Calculate the remainder when 9789483 is divided by 656.
651
What is the remainder when 10064482 is divided by 12?
10
Calculate the remainder when 1395454 is divided by 1507.
1479
Calculate the remainder when 60398 is divided by 795.
773
Calculate the remainder when 2782414 is divided by 343.
341
Calculate the remainder when 217067 is divided by 850.
317
Calculate the remainder when 704287 is divided by 1314.
1297
What is the remainder when 1384457 is divided by 252?
221
What is the remainder when 5323025 is divided by 459?
2
What is the remainder when 511493 is divided by 4?
1
Calculate the remainder when 76934073 is divided by 46.
39
What is the remainder when 191781 is divided by 2490?
51
What is the remainder when 6432409 is divided by 452?
449
Calculate the remainder when 33259613 is divided by 3325959.
23
Calculate the remainder when 1599143 is divided by 1057.
959
What is the remainder when 173625 is divided by 7294?
5863
Calculate the remainder when 22765205 is divided by 455303.
55
What is the remainder when 3797511 is divided by 7?
4
Calculate the remainder when 175946 is divided by 43784.
810
Calculate the remainder when 137552 is divided by 694.
140
Calculate the remainder when 101770 is divided by 21.
4
What is the remainder when 8446019 is divided by 2793?
2780
Calculate the remainder when 753772 is divided by 37688.
12
Calculate the remainder when 1970826 is divided by 3369.
3330
What is the remainder when 10215771 is divided by 1276970?
11
Calculate the remainder when 1807585 is divided by 4356.
4201
What is the remainder when 36023 is divided by 10694?
3941
What is the remainder when 412881283 is divided by 72119?
8
What is the remainder when 1519805 is divided by 58?
31
What is the remainder when 2004997 is divided by 668317?
46
What is the remainder when 91469357 is divided by 1074?
1073
Calculate the remainder when 3516065 is divided by 4161.
20
Calculate the remainder when 16082058 is divided by 2356.
2
What is the remainder when 40253505 is divided by 36?
33
What is the remainder when 2538487 is divided by 41614?
33
Calculate the remainder when 18868407 is divided by 854.
131
What is the remainder when 726777 is divided by 13?
12
What is the remainder when 9094924 is divided by 534995?
9
Calculate the remainder when 236425 is divided by 1225.
0
Calculate the remainder when 59813 is divided by 19780.
473
Calculate the remainder when 33229 is divided by 16378.
473
What is the remainder when 428586 is divided by 10?
6
What is the remainder when 22088 is divided by 14293?
7795
Calculate the remainder when 66593303 is divided by 15.
8
Calculate the remainder when 2061691 is divided by 17.
16
What is the remainder when 10126 is divided by 4944?
238
Calculate the remainder when 740849 is divided by 659.
133
What is the remainder when 69051 is divided by 17165?
391
What is the remainder when 1931925 is divided by 239?
88
Calculate the remainder when 295749 is divided by 147873.
3
Calculate the remainder when 1505587647 is divided by 16.
15
What is the remainder when 100137214 is divided by 50068599?
16
What is the remainder when 118035014 is divided by 58988?
26
What is the remainder when 1598404 is divided by 542?
46
What is the remainder when 4226626 is divided by 234808?
82
Calculate the remainder when 22082757 is divided by 1932.
1929
What is the remainder when 16394053 is divided by 14012?
13
What is the remainder when 47393708 is divided by 15797898?
14
Calculate the remainder when 397674 is divided by 24841.
218
Calculate the remainder when 241044 is divided by 8308.
112
Calculate the remainder when 92835069 is divided by 18567013.
4
What is the remainder when 273227257 is divided by 331?
328
Calculate the remainder when 71682604 is divided by 71682599.
5
Calculate the remainder when 2918216 is divided by 638.
4
What is the remainder when 505763 is divided by 967?
22
Calculate the remainder when 8113 is divided by 4145.
3968
What is the remainder when 86791452 is divided by 313?
308
What is the remainder when 443666 is divided by 301?
293
Calculate the remainder when 186419308 is divided by 35414.
12
Calculate the remainder when 12506893 is divided by 61.
2
Calculate the remainder when 26480699 is divided by 2218.
2215
What is the remainder when 35858 is divided by 4292?
1522
What is the remainder when 609959276 is divided by 120?
116
What is the remainder when 621529 is divided by 56?
41
Calculate the remainder when 2962248 is divided by 227865.
3
What is the remainder when 21579625 is divided by 1265?
1255
What is the remainder when 23361803 is divided by 5840449?
7
Calculate the remainder when 539629 is divided by 612.
457
Calculate the remainder when 498969 is divided by 15079.
1362
What is the remainder when 10489278 is divided by 577?
572
What is the remainder when 7007217 is divided by 2137?
2131
What is the remainder when 1093289 is divided by 1093284?
5
What is the remainder when 2290322 is divided by 37?
22
What is the remainder when 1187459 is divided by 58?
25
What is the remainder when 18580 is divided by 2373?
1969
What is the remainder when 45655103 is divided by 26?
13
Calculate the remainder when 19601592 is divided by 160.
152
Calculate the remainder when 9700879 is divided by 4850439.
1
What is the remainder when 76735 is divided by 365?
85
Calculate the remainder when 322623 is divided by 40221.
855
What is the remainder when 523016 is divided by 261440?
136
What is the remainder when 1444583324 is divided by 4863?
4859
Calculate the remainder when 21119999 is divided by 50.
49
What is the remainder when 185238 is divided by 17426?
10978
What is the remainder when 942974 is divided by 5576?
630
Calculate the remainder when 2604948 is divided by 210.
108
Calculate the remainder when 31857515 is divided by 259.
256
What is the remainder when 8306401 is divided by 195?
181
Calculate the remainder when 90248537 is divided by 9128.
1
What is the remainder when 274051 is divided by 288?
163
What is the remainder when 27077 is divided by 351?
50
Calculate the remainder when 47189546 is divided by 714993.
8
What is the remainder when 